 - 227. Suppose 5*u - 163 - 32 = 0. Calculate the remainder when u is divided by s.
17
Let v be 65*1 + -1 - (-1 - 3). Let b = v - 66. Suppose -b*d + 33 - 29 = 0. What is the remainder when 9 is divided by d?
1
Suppose -2*n - 18 + 66 = 0. Suppose 4*z + 0*m = m + 96, z - n = 2*m. Suppose 18*i - z*i + 258 = 0. What is the remainder when i is divided by 11?
10
Let r = 235 + -138. Let c = -81 + r. Let a = -27 - -56. Calculate the remainder when a is divided by c.
13
Suppose 7*c = -4*c + 4*c. Suppose -3*s - 10 = 2, c = -2*v + 4*s + 58. What is the remainder when 144 is divided by v?
18
Let o = 22745 - 22462. Calculate the remainder when 3959 is divided by o.
280
Let r(o) = o**3 - o**2 + o + 17. Let p be r(0). Let y be -12*(156/(-9))/4. Suppose -y = p*u - 18*u. What is the remainder when u is divided by 15?
7
Let n(x) = 6*x**2 + 7*x. Let q be n(-8). Let v = -144 + q. Suppose -76 - v = -13*a. What is the remainder when 78 is divided by a?
18
Suppose 200*i = 198*i + 2. Let d(h) = 31*h**3 - h**2 + 4*h - 3. What is the remainder when 153 is divided by d(i)?
29
Suppose -d - 259 = -8*d. Suppose -3*a = -5*s + d, s = -4*s + 25. Let h = a - -14. Calculate the remainder when 36 is divided by h.
6
Let l be ((-32)/(-12))/(-2 + 924/459). Calculate the remainder when 151 is divided by (l/(-18))/(3 + 22/(-6)).
15
Let h = -8 - -4. Let c(x) be the first derivative of -x**4/4 - 2*x**3 - 9*x**2/2 - x - 16. Calculate the remainder when 18 is divided by c(h).
0
Let a = -74 - -77. Let i be (-4)/42*a + (-34)/(-119). What is the remainder when ((-13)/((-13)/(-42)))/(-1 - i) is divided by 15?
12
Let k(b) = 632*b - 49. Let y be k(-15). Let p = -10 + 37. Calculate the remainder when 2/7 + y/(-91) is divided by p.
24
Let i(x) = 2*x**2 - 244*x - 230. What is the remainder when 79 is divided by i(123)?
15
Suppose 0 = 3*v - 1531 + 103. Let h(p) = -991*p + 10949. Calculate the remainder when v is divided by h(11).
44
Let h = 50 - 47. Suppose -3 = h*m - 51. Let k(d) = 4*d - 39. Calculate the remainder when 95 is divided by k(m).
20
Suppose 0 = -12*g - 61 + 129 + 220. What is the remainder when 2481 is divided by g?
9
Let t(j) = j**3 + j**2 + 15. Suppose 0 = 2*l - 4*l. Let q be t(l). Suppose 4*c = 2*c - 5*y + 97, 0 = -5*y + q. What is the remainder when c is divided by 23?
18
Suppose z = -t - 40, -z - 3*z - 157 = 5*t. Let j(g) = -2*g**3 - 89*g**2 - 129*g + 35. What is the remainder when j(z) is divided by 18?
17
Suppose -73407 = -211*b + 133*b - 13035. What is the remainder when b is divided by 65?
59
Suppose -6*u - 6485 = -10*u - g, 2*u = 4*g + 3220. Suppose 0 = 4*h - 5*j - u, 3*h - 1215 = -2*j - 2*j. Calculate the remainder when h is divided by 34.
31
Suppose 2*j = -2*t + 14, 0 = -2*t - 14*j + 9*j + 5. Suppose -q = -3 - 3. What is the remainder when 190/q + (-2)/3 is divided by t?
1
Let u = 6435 - 6413. Calculate the remainder when 1184 is divided by u.
18
Let r = -267 + 271. Suppose -r*c + 78 = 2*i, i = -c - 3*c + 73. What is the remainder when 79 is divided by c?
11
Let w(f) = f**3 - 4*f**2 + f + 4. Let o = -13 - -15. Suppose 7*q - 8*q = -3, 4*a = o*q + 50. What is the remainder when a is divided by w(4)?
6
Let i(r) = r + 18. Let q be i(-14). Suppose 3*d - 2*v - 1 = q, 5*v - 25 = 0. Let n(g) = 3*g**2 - 11*g - 1. Calculate the remainder when n(d) is divided by 5.
4
Let l(g) = -g**2 + 21. Let q be l(-7). Let i be 4/14 - 272/q. Suppose 51 - 171 = -i*j. What is the remainder when 71 is divided by j?
11
Let a(x) = -x**2 + 2*x + 33. Suppose -6*p = -8*p + 6. Suppose 5*c - 38 = -2*b, 2*c = b - p*b + 44. Calculate the remainder when b is divided by a(-4).
6
Let m = 23421 - 19340. What is the remainder when m is divided by 146?
139
Let s = -755 + 884. Let d = 45 + -30. Calculate the remainder when s is divided by d.
9
Let k be (-2)/((-1)/((-1260)/(-8))). Suppose 0 = 2*u + u - k. Calculate the remainder when u is divided by 30.
15
Let y = -12 + 14. Suppose 4*z + 254 = y*x, -4*x + 223 + 295 = -3*z. What is the remainder when x is divided by 46?
39
Let a(x) = 3*x**2 - 202*x + 1453. What is the remainder when a(67) is divided by 112?
42
Let d(f) = -22*f**2 + 370*f + 48. What is the remainder when d(14) is divided by 86?
56
Let i = 462 + -92. Suppose 21*v = i + 281. Calculate the remainder when v is divided by 20.
11
Let c(g) = -g**3 + 7*g**2 + 42*g - 8. Let k be c(10). Suppose 0 = 121*l - k*l - 72. Calculate the remainder when 10 is divided by l.
2
Suppose 7*t + 252 = 9*t. Suppose -13*a - t = -20*a. What is the remainder when 119 is divided by a?
11
Let a be 0/(-3)*(-3)/6. Suppose -10*d + 241 + 279 = a. Calculate the remainder when d is divided by 6.
4
Let w = 1330 + -1296. What is the remainder when 378 is divided by w?
4
Let s(r) = 309 - 336 + 21*r - 4*r. Calculate the remainder when s(4) is divided by (-1 - -22)*(0 - -1).
20
Let y = 137 + -128. Suppose -3*j = 3*x - y, j + 10 = 5*x - 35. What is the remainder when x is divided by 7?
1
Let o(s) = 49*s + 334. Let l be o(-14). Let d = l + 482. Calculate the remainder when d is divided by 45.
40
Suppose 9 = 5*w - 41. Suppose -5*x = -5*q + w, -x = -2*x - 2*q - 17. Let l(k) = k**2 + 6*k - 2. Calculate the remainder when 13 is divided by l(x).
3
Let k = -22805 - -23035. Calculate the remainder when 469 is divided by k.
9
Suppose -4*q + 2*z = -120, -4*q - 62*z = -60*z - 144. Calculate the remainder when 243 is divided by q.
12
Suppose 1586 = 936*u - 901*u - 1809. Calculate the remainder when 1727 is divided by u.
78
Suppose 10*o - 131 = 219. What is the remainder when ((-2)/(-5))/(6/1560) is divided by o?
34
Let x(r) = r**3 + 2*r**2 - 4*r - 5. Let k be x(-2). Suppose -7*f + 60 = k*f. What is the remainder when ((-74)/8 + f)*(2 + -14) is divided by 10?
9
Let l = 23 - 19. Suppose -u - 2*z + 0*z - 5 = 0, -3*z = -l*u - 20. What is the remainder when (((-4)/u)/2)/((-1)/(-35)) is divided by 3?
2
Let z = 301 - 265. Suppose -154 = -3*p + 56. Calculate the remainder when p is divided by z.
34
Let s be 2*27/18 - (1 - 2). Suppose s*f - 16*f + 24 = 0. Suppose 2*w = 3*t + 12, 0 = 2*w - 5*w - f*t + 18. What is the remainder when 6 is divided by w?
0
Suppose -3*g = -2*a - 3, 11*a - 16*a + 4*g = 11. What is the remainder when 84 is divided by (a - -5)/1 + 46?
36
Let q be ((-3)/18)/(31/(-28086)). Suppose -2*f + q = 5*i, -3*i + 3 = -2*i. What is the remainder when 135 is divided by f?
67
Suppose -2*b = -2*q + 188, 11*b = 8*b. Calculate the remainder when q - ((-12)/(-9) - 2/6) is divided by 48.
45
Let k be (-1241)/51 + (-2)/(-6). Calculate the remainder when 118 is divided by (-6)/k*52 - (-2 + 3).
10
Suppose -m = 4*f - 104, -5*m + 18 = -2. Let t be 3/2*24/18. Suppose 5*l = 20, -4*d + 292 = -t*l + l. Calculate the remainder when d is divided by f.
24
Suppose -4*j = 5 + 15. Let p(g) = -6. Let o(h) = 19*h - 4. Let i(f) = -o(f) + 3*p(f). Calculate the remainder when i(j) is divided by 21.
18
Suppose 0*j - 6*j + j = 0. Let f be (-4)/(-14) + (-60)/(-84). Calculate the remainder when f + 2 + (j - -89 - -2) is divided by 33.
28
Let h(t) = -t**3 - 3*t**2 + 2*t + 2. Let r be h(-3). Suppose 0 = -u - 4*u - 200. Calculate the remainder when 5/(u/92)*r is divided by 12.
10
Suppose -5*j = i - 46, 0 = -5*i - 193*j + 197*j + 201. Calculate the remainder when 655 is divided by i.
40
Let x(u) = 2*u**2 + 29*u - 35. Suppose -3*f + 2*i = 48, 4*f + 4*i + 96 = 12. Let v be x(f). Let g = v - 57. Calculate the remainder when g is divided by 19.
15
What is the remainder when 63 is divided by (12 + 620/(-50))*-70?
7
Let k(d) = 5*d**2 - 6. Suppose -423 = -3*i - 426, 77 = 3*u + i. What is the remainder when k(-4) is divided by u?
22
Let r = 373 + -111. Suppose -4*p + r = -66. Let w = 18 + 3. Calculate the remainder when p is divided by w.
19
What is the remainder when (-5)/(30/(-78)) + 900 is divided by 49?
31
Let u(r) = 3*r**2 - 4*r - 7. Let h(l) = -4*l**2 - 11 + 129*l + 3*l**2 + 122*l - 239*l. What is the remainder when u(5) is divided by h(10)?
3
Suppose 0 = -5*i + 5*f + 20, f + 5 - 1 = 0. Suppose -a + 196 - 167 = i. Calculate the remainder when a is divided by 19.
10
Suppose -26*h = 2*x - 24*h - 14, 4*x - h = -2. What is the remainder when 1237 is divided by x?
0
Suppose -3*t - 1034*k + 136 = -1039*k, -4*t + 2*k + 186 = 0. What is the remainder when 3663 is divided by t?
44
Let n(y) = 3*